0)/a - 2/8. What is the remainder when 20 is divided by x(z)?
4
Let k = 3543 + -3127. Calculate the remainder when k is divided by 108.
92
Suppose 12 = 4*j + 2*n + 6, -2*n + 6 = j. Calculate the remainder when 2 + -4 + j - -9 is divided by 3.
1
Suppose 0 = -14*k + 302 - 120. Suppose 8*b = k*b - 550. Calculate the remainder when b is divided by 38.
34
Suppose 63*z - 67*z = 3*n - 330, -n + 82 = z. Suppose p - 2 = -0*p. What is the remainder when z is divided by (-1)/((-2)/68*p)?
16
Let g be (-12)/8 + 9/2. Suppose 6*x - g*x = 3. What is the remainder when 30 is divided by (7 + (-1 - -5))/x?
8
Suppose -2 = 9*n - 2. Suppose -3*v + z + 182 + 147 = 0, -3*v + 4*z + 317 = n. Calculate the remainder when v is divided by 28.
27
What is the remainder when 421 is divided by 25/(-45)*(-30)/20*30?
21
Suppose -35*q = -19*q - 688. Suppose -u + q = -t, -u + 21*t = 26*t - 49. What is the remainder when 525 is divided by u?
41
Let u(r) = 4*r**2 + 2. Let a be u(-1). Suppose 0 = a*o + o + 21. Calculate the remainder when o*190/(-15) - 0 is divided by 10.
8
Let y(u) = -u**3 + 19*u**2 - 46*u + 72. Calculate the remainder when y(16) is divided by 68.
36
Let n(k) = 8*k - 28*k - 218 + 50 + 13*k. What is the remainder when n(-28) is divided by 25?
3
Let d(c) = 69*c**2 + 3*c + 3. Let i be (-8)/20 - (-12)/(-20). What is the remainder when d(i) is divided by 4?
1
Let m = 17730 + -17549. What is the remainder when 748 is divided by m?
24
Suppose 0 = 10*r + 195 - 245. Let o be 1*(-1 - 0) + 33. Suppose 3*n + o = 3*k - 7, 12 = -3*n. What is the remainder when k is divided by r?
4
Let a(u) = -15*u + 15. Let d(f) = -17*f + 14. Let p(q) = 4*a(q) - 3*d(q). Calculate the remainder when 93 is divided by p(-1).
12
Let d(n) = -6*n - 62. Let p = -138 - -113. Let q(a) = -a**2 - 10*a - 3. What is the remainder when d(p) is divided by q(-8)?
10
Suppose 18*j = 5*j + 2678. Suppose 0 = 77*f - 73*f - 208. Calculate the remainder when j is divided by f.
50
Suppose -5*n + 1620 = -2665. Suppose -3*l + 5*k - 28 = -4*l, -2*k - 56 = -l. What is the remainder when 2/(-9) + n/9 is divided by l?
47
Suppose -141*v - 460 = -142*v. What is the remainder when v is divided by 166?
128
Let l = -807 + 809. Suppose -4*n = -2*s + 72, -l*s - 4*n - 124 = -6*s. What is the remainder when 76 is divided by s?
24
Suppose 0 = u + 617*h - 618*h - 49, -5*u + 2*h = -230. Let g(q) be the first derivative of 2*q**2 - 6. What is the remainder when u is divided by g(2)?
4
Let c(l) = -59*l - 135. Let o be c(-4). Let a = 267 - o. What is the remainder when a is divided by 44?
34
Let p be (3/(-9))/(1/27). Let w = p - -59. Suppose 2*i = -3*s + 33, 0*i - w = -3*i - 4*s. Calculate the remainder when i is divided by 7.
4
Suppose -4*l - 1496 = -18*l - 292. Calculate the remainder when 4986 is divided by l.
84
Let x(a) = 7*a + 51. Let u be x(-7). Suppose 0 = 2*c - 8, 5*z - z - 64 = u*c. Calculate the remainder when z is divided by 12.
6
Let v(o) = -461*o**3 - o**2 - 26*o - 25. What is the remainder when v(-1) is divided by 150?
11
Let k(v) = -v**3 - 46*v**2 + 97*v + 61. Calculate the remainder when 412 is divided by k(-48).
9
Calculate the remainder when 107 is divided by (9 + (-99)/21)/((-1)/(-7)).
17
Let a = 581 + -481. Let v = -14 + 31. What is the remainder when a is divided by v?
15
Suppose 3*y - 4329 = 3*t, -242*y - 5*t = -245*y + 4321. What is the remainder when y is divided by 12?
7
Let f = 252 - 208. Suppose f*x - 32*x = 672. Calculate the remainder when x is divided by 16.
8
Let v(k) = -11*k**3 - 3*k**2 + 3*k - 1. Suppose -10*b = -29*b + 627. What is the remainder when v(-2) is divided by b?
3
Suppose 2*q - 63 - 37 = -4*f, 3*q + 50 = 2*f. Suppose 45*b - 228 = 4370 + 2017. What is the remainder when b is divided by f?
22
Suppose 0 = 1607*p - 1589*p - 514 - 206. Calculate the remainder when 1079 is divided by p.
39
Let g(f) = 270*f**2 - 10 - 271*f**2 + 9*f + 3*f. Suppose b = 2, b - 12 = -2*l - 4*b. Calculate the remainder when g(11) is divided by l.
0
Let d(b) = b + 58. Suppose -11*w = 26 + 150. What is the remainder when d(w) is divided by 21?
0
Let o(g) = -90*g - 190. Let w be o(-5). Let j = -247 + w. Calculate the remainder when 96 is divided by j.
5
Let z = 21284 + -21144. What is the remainder when 1127 is divided by z?
7
Let a be (-3 - 63/(-6)) + (-5)/10. Let k(x) = -x**3 + 9*x**2 - 6*x. Calculate the remainder when k(7) is divided by (-168)/(-9) + a/21.
18
Let y = 358 - 315. Suppose 6*p - y + 19 = 0. Let a = 1 - 0. What is the remainder when p is divided by a?
0
Let a be 70/20*(0 - -2). Suppose -2*l - 2*k = -a*l + 977, -3*l - 2*k = -583. Let j = l - 131. Calculate the remainder when j is divided by 13.
12
Let d = 43 - 39. Suppose 4*u - 2 = -2*s, -s + d*s - 11 = 2*u. Suppose 5*f + 4*p - p - 82 = 0, -s*f = -2*p - 53. Calculate the remainder when 81 is divided by f.
13
Suppose -3*f = -6 + 141. Let g be (-2)/((-10)/(-25) - (-8)/f). Let j = -2 - g. What is the remainder when 31 is divided by j?
3
Let j(f) = -2*f**2 - 114*f + 547. Calculate the remainder when j(-60) is divided by 41.
23
What is the remainder when 1989 is divided by 8/(-100) + (-252)/(-25)?
9
Let p(h) = 42*h - 244. What is the remainder when 243 is divided by p(7)?
43
Let q be (-1648)/(-40) - 3/15. Let z = q - 7. What is the remainder when 7/(7/2)*(3 + 30) is divided by z?
32
Let a = 2209 - 2203. Suppose -2*h + 306 = -300. Calculate the remainder when h is divided by a.
3
Suppose -16*j - 21 = -13*j. Calculate the remainder when 209 is divided by 16/14 + (-363)/j.
50
Let o = -203 - -382. Calculate the remainder when o is divided by (-11)/33*30/2 - -35.
29
What is the remainder when 336 is divided by 28 + (-7)/28 + (-4)/(-16)*1?
0
Calculate the remainder when 489 is divided by (((-21)/(-2))/3)/(21/12138*17).
13
Let m = -40 - -8. Let r = -21 - m. Suppose -1302 = -28*l - 2504 + 1314. What is the remainder when r is divided by l?
3
Let b(a) = 7*a - 83. Let c be ((13 + -16)*73/(-3))/1. Let l = -56 + c. What is the remainder when b(l) is divided by 7?
1
Let k = -2596 + 4343. What is the remainder when k is divided by 53?
51
What is the remainder when 20/21*14*612/15 is divided by 29?
22
Let i(a) = a**3 - 16*a**2 + 13*a - 7. Let r be i(17). Let b = r + -230. Suppose -b = -6*h - 7*h. What is the remainder when 82 is divided by h?
19
Suppose 0 = 6*h + 168 - 198. Suppose 4*u - 125 = -h*y, -2*y = -4*u + 2*y + 116. Calculate the remainder when 148 is divided by u.
28
Let y(z) = -31*z - 59. Let x be y(-2). Let t = 58 - x. Calculate the remainder when t is divided by 21.
13
Let p = -1182 - -1677. Suppose -4*c + 2*j + 24 = 0, 17*c + 11 = 20*c - 5*j. What is the remainder when p is divided by c?
5
Suppose -3*t - 7*o + 15*o + 39 = 0, -t + 3*o + 14 = 0. Calculate the remainder when 356/2*(1 + 3/(-6)) is divided by t.
4
Suppose 47*x = 50*x - 407 + 29. Calculate the remainder when 520 is divided by x.
16
Suppose -39*n + 34*n + 15 = 0. Suppose -5*h + 53 = -4*h - 4*j, n*h - 108 = -5*j. What is the remainder when h is divided by 13?
2
Suppose 5*d = 3*g - 680, -g - g = 0. Calculate the remainder when -4*(d/16 - -6) is divided by 1.
0
Calculate the remainder when 184 is divided by (2 - 6954/(-54)) + 50/(-18) + 3.
53
Suppose 1191 = 57*c - 2172. Let g(p) = 6*p**2 + p - 5. Let x(d) = -d**2 - 1. Let n(a) = g(a) - 4*x(a). What is the remainder when c is divided by n(1)?
9
Suppose 10*i + 492 = 7*i + 7*i. Calculate the remainder when i is divided by 108.
15
Let n(f) = -97*f**2 + 979*f - 51. Let x be 12/(-9)*9/(-6). Suppose -4*p + 3*k = -78, -x*p = -3*k - 5 - 31. What is the remainder when n(10) is divided by p?
18
Suppose 0 = 3*c - 8*r - 65, -4*r + 206 - 172 = 2*c. Suppose -5*f = -3*n + 5*n - 29, -f + 13 = 4*n. What is the remainder when c is divided by f?
4
Let f = -44 + 51. Suppose f*v = 44 - 2. Let l(n) = n**2 - n - 8. Calculate the remainder when 60 is divided by l(v).
16
Let q be 0/(-27) - -2*1. Calculate the remainder when 338 is divided by (-51)/(q + 49/(-14)).
32
Let u = 4 + 0. Let o(c) = -16*c + 85. Let b be o(5). Suppose -3*w + 5*g = -u*w + 53, 3*g = b*w - 181. What is the remainder when w is divided by 10?
8
Let i = -434 - -447. Calculate the remainder when i is divided by (1 - 4)*(-4)/6.
1
Suppose -4*w + 45 = 3*x, -119 = -4*w - 5*x - 76. Calculate the remainder when 489 is d